he greatest common factor of k and 975?
25
Let o(t) = -t - 1. Let m(f) = -5*f - 10. Let p(l) = m(l) - 4*o(l). Let d be p(-8). Let x be (-2)/(-2 - (d + -3)). What is the greatest common factor of 1 and x?
1
Let m = 325 - -219. Calculate the highest common factor of 34 and m.
34
Suppose -z = v - 41, -2*v + 90 = -7*z + 11*z. Let l = 643 - 347. What is the greatest common factor of v and l?
37
Suppose -x - 4 = 0, 5*p + 17*x - 12*x = 15. Calculate the greatest common factor of 49 and p.
7
Let k(w) = 3*w + 45. Let b be k(-5). Calculate the highest common factor of 5 and b.
5
Suppose 18 = -6*m + 9*m. Let u(l) = 9*l - 45. Let o be u(m). What is the greatest common divisor of o and 72?
9
Suppose 4*h - 58 = 82. Let x = -134 - -149. Suppose -h + x = -p. Calculate the greatest common divisor of p and 50.
10
Let x be -1*(-9)/(-15) - 4392/(-45). What is the greatest common divisor of x and 776?
97
Let t be 224/504 + (-5662)/(-18). Calculate the highest common factor of 45 and t.
45
Suppose 55 = 3*s - 5*j, 2*s + 2*j - 11 + 1 = 0. Let h = s + 20. Let l(n) = n**2 + 5*n + 24. Let t be l(-4). What is the greatest common factor of h and t?
10
Let z(n) = -4*n + 3. Let p be z(-3). Let h = 29 - p. Suppose j - 19*j = -36. What is the highest common factor of j and h?
2
Suppose -166 = -5*n - 11. Suppose 12*p - n - 737 = 0. What is the highest common divisor of p and 16?
16
Suppose 9 = -f + 1. Let d = f + 13. Suppose -2*s - d*w + 9 = -0, -s + w + 15 = 0. Calculate the greatest common divisor of s and 8.
4
Let z(j) = -j**3 + 9*j**2 - 14*j + 6. Let y be z(6). What is the highest common divisor of 240 and y?
30
Let d be (110/(-4))/((-18)/36). Let s = 82 - d. Calculate the greatest common factor of s and 3.
3
Let t(a) = 6*a**2 + 3*a. Let w be t(5). What is the highest common divisor of 220 and w?
55
Let m = -101 + 109. Let h be (m - 351/45) + (-94)/(-5). Calculate the highest common factor of 152 and h.
19
Suppose 0 = -2*o - 3*w + 79, -4*o - w = -84 - 89. Let y = 220 - o. What is the highest common divisor of y and 16?
16
Suppose 5*b + 2*l + 8 - 26 = 0, 2*b - 4 = -4*l. Let n be (-4*35)/(-4) + -3. Calculate the highest common factor of n and b.
4
Suppose -5*f = -3*c - 5126, 5*c - 1562 = 5*f - 6682. What is the highest common divisor of 13 and f?
13
Suppose 0 = -4*m + 5*a + 36, m - 22 = -14*a + 12*a. Calculate the highest common factor of 448 and m.
14
Suppose -5*b + 24 + 86 = 0. Suppose -3*g + 8 = -b. Calculate the greatest common factor of 70 and g.
10
Let f = 716 - 684. Calculate the highest common factor of 864 and f.
32
Let u(f) = -f**2 + 19*f + 25. Let x be u(20). Let r be (113 + 2)*4/x. Calculate the highest common divisor of 23 and r.
23
Let y(x) = -x**3 + 11*x**2 - 6*x - 13. Let z be y(10). Let c be (3 + z)/(-3) - -1. Let g be (12/c)/(3/(-45)). Calculate the highest common factor of 5 and g.
5
Let u(x) = x**2 + 3*x - 2. Let w be u(-2). Let s = w - -11. Let f(d) = -d**3 + 6*d**2 + d + 1. Let j be f(6). What is the highest common divisor of s and j?
7
Suppose 0 = -d + 2 - 4. Let f be 4/5*(-5)/d. Suppose -2*u = f*u + 3*k - 20, k = u + 2. What is the greatest common factor of u and 1?
1
Let w(z) = -12*z**3 - 48*z**2 - 6*z. Let f be w(-4). Calculate the greatest common factor of 24 and f.
24
Suppose 0 = -4*b - b + 140. Let n = 1569 - 1532. Let u = n - b. What is the greatest common factor of 18 and u?
9
Let h be (-3)/(-2)*(-4)/(-6). Let r(n) = 2*n**3 + n. Let q be r(h). Let m be 2 + (35 - 2)/q. Calculate the greatest common divisor of 104 and m.
13
Suppose 32*i - 36*i + 1136 = 0. Calculate the highest common factor of i and 213.
71
Suppose b - 14 = -b - y, -y + 6 = 0. Let a(z) = -14*z + 2. Let v be a(-3). What is the highest common factor of v and b?
4
Suppose -8*h + 57 + 1087 = 0. Calculate the highest common divisor of h and 468.
13
Suppose 11*q = 17*q - 36. Calculate the greatest common factor of 24 and q.
6
Let p(j) = 3*j - 81. Let y be p(27). Let t be (-2 - (7 + y))/(12 - 13). Calculate the highest common divisor of 45 and t.
9
Suppose -5*h + 8 = -2. Suppose 461 - 175 = 4*p - 3*a, 0 = p - h*a - 74. What is the greatest common factor of 10 and p?
10
Let d = -12 - -72. Calculate the greatest common divisor of d and 108.
12
Let a be (-6)/(-2) + (-7800)/(-52). Calculate the greatest common divisor of 9 and a.
9
Suppose 0*b + 4*b + 3*o - 264 = 0, b - 4*o - 47 = 0. What is the highest common factor of b and 9?
9
Let w(l) = 305*l - 1194. Let k be w(6). Calculate the greatest common factor of 36 and k.
12
Let k(m) = m**2 - 4*m. Let d be k(-5). Suppose 10*t = 3*t. Suppose t*c = -4*c + 120. Calculate the greatest common factor of d and c.
15
Let y(s) = s**2 - 33*s + 33. Let k be y(33). Let q be -24*(0 - 33/6). What is the highest common factor of q and k?
33
Suppose -25*f + 1090 = 65. Calculate the highest common factor of 1681 and f.
41
Let y = 5 + -4. Let c be (-22)/(-4)*(52/4 + y). What is the greatest common factor of 11 and c?
11
Let d(z) = -4 + 10 + 594*z**3 - 595*z**3 - 4*z + 10*z**2. Let t be d(9). What is the highest common factor of t and 17?
17
Let y(d) = 3*d - 3 + 0*d - d**2 + 2*d. Suppose -3*p = p - 8. Let r be y(p). Calculate the highest common factor of 15 and r.
3
Let l(a) be the third derivative of 11*a**4/24 + 2*a**3/3 + a**2. Let f be l(7). Let m = -16 + f. Calculate the greatest common factor of 13 and m.
13
Let w(g) = -g**3 + 16*g**2 - 15*g + 3. Let o be w(15). Suppose -z - o*z = -3*y + 85, -80 = -3*y + 5*z. What is the highest common divisor of y and 35?
35
Suppose -2*v + 19*p + 1702 = 17*p, 0 = 3*p. What is the highest common factor of v and 185?
37
Suppose -6*a = -4*a - 48. Let f(z) = -53*z - 575. Let w be f(-11). Calculate the highest common factor of a and w.
8
Suppose -a = 2*a - t - 99, 3*a - 108 = -2*t. Let d(s) = s**2 - s - 1. Let l be d(4). Let f = a - l. Calculate the greatest common factor of 23 and f.
23
Suppose -1295 = -7*z + 3108. What is the highest common factor of 37 and z?
37
Let g = -134 - -156. Let w be 0 + -3 - (-182 - -3). What is the highest common divisor of w and g?
22
Suppose 2*p = 2*g - 2, 4*g - 7 = 3*p + 3*g. Let s(c) = -c + 9. Let o be s(p). What is the highest common divisor of o and 30?
6
Suppose 220 = -h + 3*h + 4*l, -4*h = -2*l - 440. Calculate the highest common divisor of 1045 and h.
55
Suppose b = -4*l + 29, 0 = 3*b - 0*l + l - 65. Let r(f) = -5*f + 41. Let x be r(4). Suppose x = -22*t + 25*t. What is the greatest common factor of b and t?
7
Let x = 62 + -29. What is the greatest common factor of 22 and x?
11
Let f = -37 - -32. Let n be (-10)/75*6*f. Calculate the highest common divisor of 4 and n.
4
Suppose -336*g = -321*g - 4860. Calculate the greatest common factor of g and 12.
12
Suppose 38*a = 1498 - 282. Calculate the highest common factor of 288 and a.
32
Let o be 1 + 3 - -5 - -4. Let a = -16 - -16. Suppose 5*u - 5*g = 185, 2*u - 3*u - 3*g + 45 = a. Calculate the highest common divisor of o and u.
13
Let n = -127 - 69. Let w be n/(-6)*(-21)/(-14). What is the highest common factor of 7 and w?
7
Suppose 21*b - 1380 = 11*b. What is the highest common factor of b and 46?
46
Let k(y) = -y**3 - 3*y**2 - 20*y - 66. Let m be k(-5). What is the highest common divisor of 20 and m?
4
Let o = -877 + 898. Calculate the highest common factor of 39 and o.
3
Suppose -13*z + 12920 = 21*z. Calculate the greatest common divisor of z and 19.
19
Let j = -1401 - -1711. Calculate the highest common divisor of j and 50.
10
Suppose -4*q = -123 - 69. Suppose -4*d = -212 - q. Suppose 0 = -0*b + 2*b - 52. Calculate the highest common divisor of d and b.
13
Let q = 127 + 41. What is the highest common factor of 12 and q?
12
Suppose 2*r + 2 - 4 = 0. Let p(j) = 5*j**3 - j**2 + 2. Let l be p(r). Calculate the greatest common factor of l and 18.
6
Let a(b) = b**3 + 10*b**2 + 9. Suppose 0 = -j - 3*j + 20. Suppose -3*n - 25 - j = 0. Let r be a(n). What is the highest common divisor of 63 and r?
9
Let r(u) = -u - 6. Let b be r(-11). Suppose 4*k + 3*i = 392 + 15, -4*k + 417 = b*i. Calculate the highest common factor of 14 and k.
14
Let s be 6*((-3)/9 + 2/(-6)). Let t be 19 - (s/1 + -5 + 10). What is the greatest common divisor of 2 and t?
2
Let h be 10 + -2 + 0 + 0. Let z = -12 + h. Let s be 5*(-3 - (z + -2)). What is the greatest common facto